 5, 3167
List the prime factors of 6424692.
2, 3, 535391
List the prime factors of 1099678.
2, 549839
List the prime factors of 1309462.
2, 7, 11, 773
List the prime factors of 4823450.
2, 5, 96469
List the prime factors of 2055697.
7, 41953
What are the prime factors of 4608361?
29, 158909
List the prime factors of 287401.
31, 73, 127
List the prime factors of 132295.
5, 26459
What are the prime factors of 1419112?
2, 179, 991
List the prime factors of 34115038.
2, 109, 156491
List the prime factors of 169114.
2, 11, 7687
List the prime factors of 168687.
3, 18743
What are the prime factors of 34150647?
3, 1447, 7867
What are the prime factors of 16267081?
16267081
What are the prime factors of 7704005?
5, 47, 32783
List the prime factors of 1023638.
2, 7, 11, 17, 23
What are the prime factors of 729194?
2, 43, 61, 139
List the prime factors of 1912316.
2, 7, 163, 419
What are the prime factors of 643617?
3, 13, 5501
List the prime factors of 10467761.
10467761
List the prime factors of 14541907.
59, 246473
List the prime factors of 111036.
2, 3, 19, 487
What are the prime factors of 865940?
2, 5, 29, 1493
What are the prime factors of 12016421?
107, 112303
What are the prime factors of 583669?
583669
What are the prime factors of 6105646?
2, 83, 36781
What are the prime factors of 10496004?
2, 3, 17, 23, 2237
What are the prime factors of 379283?
379283
List the prime factors of 4211145.
3, 5, 93581
What are the prime factors of 447971?
23, 19477
List the prime factors of 4489863.
3, 7, 47, 4549
List the prime factors of 5507598.
2, 3, 37, 24809
List the prime factors of 2965655.
5, 7, 11, 7703
List the prime factors of 1348253.
17, 79309
List the prime factors of 15753938.
2, 7876969
What are the prime factors of 31272?
2, 3, 1303
What are the prime factors of 8641022?
2, 13, 43, 59, 131
What are the prime factors of 8054?
2, 4027
List the prime factors of 1879151.
1879151
What are the prime factors of 200674?
2, 269, 373
List the prime factors of 301166.
2, 150583
List the prime factors of 17657590.
2, 5, 1765759
List the prime factors of 1853838.
2, 3, 7, 14713
What are the prime factors of 19574208?
2, 3, 17, 1999
What are the prime factors of 7576274?
2, 151, 25087
List the prime factors of 239380.
2, 5, 11969
What are the prime factors of 174876?
2, 3, 13, 19, 59
List the prime factors of 5832895.
5, 1166579
What are the prime factors of 13297824?
2, 3, 15391
List the prime factors of 5383717.
71, 191, 397
List the prime factors of 417132.
2, 3, 11587
List the prime factors of 18677177.
1747, 10691
List the prime factors of 11453837.
11453837
What are the prime factors of 829215?
3, 5, 18427
What are the prime factors of 421481?
17, 24793
What are the prime factors of 2688684?
2, 3, 224057
What are the prime factors of 1103802?
2, 3, 7, 41, 641
What are the prime factors of 3643429?
3643429
What are the prime factors of 9058643?
11, 29, 73, 389
What are the prime factors of 191566?
2, 95783
What are the prime factors of 195938?
2, 313
What are the prime factors of 2029942?
2, 29, 31, 1129
What are the prime factors of 444042?
2, 3, 2741
What are the prime factors of 19011234?
2, 3, 11, 288049
What are the prime factors of 1180551?
3, 393517
What are the prime factors of 1420739?
29, 48991
What are the prime factors of 3189455?
5, 17, 157, 239
List the prime factors of 10890085.
5, 1153, 1889
What are the prime factors of 1101871?
1101871
What are the prime factors of 39095971?
17, 2299763
What are the prime factors of 6273885?
3, 5, 418259
What are the prime factors of 891061?
891061
What are the prime factors of 625535?
5, 125107
List the prime factors of 15986601.
3, 1776289
What are the prime factors of 70953?
3, 67, 353
List the prime factors of 19642233.
3, 13, 503647
What are the prime factors of 1737194?
2, 229, 3793
What are the prime factors of 9648950?
2, 5, 192979
What are the prime factors of 8724412?
2, 163, 13381
List the prime factors of 380050.
2, 5, 11, 691
List the prime factors of 6173215.
5, 47, 109, 241
List the prime factors of 775845.
3, 5, 7, 821
What are the prime factors of 2010376?
2, 251297
List the prime factors of 1038920.
2, 5, 19, 1367
What are the prime factors of 7928731?
739, 10729
What are the prime factors of 36937691?
7, 19, 193, 1439
What are the prime factors of 1841427?
3, 7, 9743
What are the prime factors of 45766?
2, 7, 467
List the prime factors of 112839.
3, 29, 1297
What are the prime factors of 453043?
181, 2503
List the prime factors of 22516688.
2, 1407293
List the prime factors of 1374387.
3, 7, 65447
List the prime factors of 12267.
3, 29, 47
List the prime factors of 61410.
2, 3, 5, 23, 89
What are the prime factors of 249193?
7, 97, 367
List the prime factors of 15083752.
2, 1885469
List the prime factors of 159416.
2, 19927
What are the prime factors of 5950799?
17, 59, 349
What are the prime factors of 317970?
2, 3, 5, 3533
List the prime factors of 1743624.
2, 3, 61, 397
What are the prime factors of 161940?
2, 3, 5, 2699
List the prime factors of 8577640.
2, 5, 43, 4987
List the prime factors of 32880305.
5, 31, 212131
List the prime factors of 14182216.
2, 17, 104281
What are the prime factors of 603393?
3, 7, 59, 487
List the prime factors of 18002947.
101, 178247
List the prime factors of 230720.
2, 5, 7, 103
What are the prime factors of 142054?
2, 11, 587
What are the prime factors of 3327830?
2, 5, 11, 30253
List the prime factors of 33425.
5, 7, 191
List the prime factors of 190858.
2, 95429
What are the prime factors of 2104887?
3, 701629
What are the prime factors of 292296?
2, 3, 19, 641
What are the prime factors of 18273709?
61, 299569
List the prime factors of 12001011.
3, 11, 359, 1013
What are the prime factors of 4591445?
5, 17, 19, 2843
List the prime factors of 116948.
2, 13, 173
What are the prime factors of 194255?
5, 38851
List the prime factors of 127194.
2, 3, 17, 29, 43
What are the prime factors of 248671?
139, 1789
What are the prime factors of 162150?
2, 3, 5, 23, 47
List the prime factors of 151592.
2, 7, 2707
List the prime factors of 365837.
365837
What are the prime factors of 11446215?
3, 5, 11, 69371
List the prime factors of 7897604.
2, 11, 13, 13807
List the prime factors of 15025216.
2, 234769
What are the prime factors of 39742613?
39742613
What are the prime factors of 230037?
3, 76679
List the prime factors of 3712199.
3712199
List the prime factors of 10317266.
2, 17, 19, 15971
List the prime factors of 747772.
2, 71, 2633
What are the prime factors of 788988?
2, 3, 37, 1777
What are the prime factors of 943755?
3, 5, 17, 3701
List the prime factors of 3321659.
11, 67, 4507
What are the prime factors of 186515?
5, 7, 73
What are the prime factors of 678553?
678553
List the prime factors of 513730.
2, 5, 7, 41, 179
List the prime factors of 8769648.
2, 3, 182701
What are the prime factors of 267169?
7, 38167
What are the prime factors of 9644904?
2, 3, 97, 1381
What are the prime factors of 343936?
2, 2687
List the prime factors of 17455.
5, 3491
What are the prime factors of 167477?
373, 449
List the prime factors of 8790.
2, 3, 5, 293
What are the prime factors of 1000161?
3, 17, 2179
What are the prime factors of 170968?
2, 7, 43, 71
List the prime factors of 121117.
31, 3907
What are the prime factors of 39291?
3, 7, 1871
What are the prime factors of 19130970?
2, 3, 5, 637699
What are the prime factors of 7274443?
11, 239, 2767
What are the prime factors of 1465297?
271, 5407
What are the prime factors of 1481401?
229, 6469
What are the prime factors of 174178?
2, 73, 1193
List the prime factors of 7277612.
2, 691, 2633
What are the prime factors of 532366?
2, 266183
List the prime factors of 7269901.
107, 67943
List the prime factors of 254238.
2, 3, 42373
List the prime factors of 1848000.
2, 3, 5, 7, 11
What are the prime factors of 928314?
2, 3, 17191
List the prime factors of 704129.
691, 1019
What are the prime factors of 697628?
2, 174407
What are the prime factors of 21009330?
2, 3, 5, 233437
What are the prime factors of 30654317?
30654317
List the prime factors of 21997856.
2, 687433
List the prime factors of 4354662.
2, 3, 13, 55829
List the prime factors of 746079.
3, 17, 14629
What are the prime factors of 4464555?
3,